{"id":23308,"date":"2026-08-24T15:57:35","date_gmt":"2026-08-24T13:57:35","guid":{"rendered":"https:\/\/mediatheques.villeurbanne.fr\/agenda\/?post_type=ajde_events&#038;p=23308"},"modified":"2026-08-26T09:40:47","modified_gmt":"2026-08-26T07:40:47","slug":"mort-sur-la-ville-cimetieres-fantomes-et-memoires-des-morts-parmi-les-vivants","status":"publish","type":"ajde_events","link":"https:\/\/mediatheques.villeurbanne.fr\/agenda\/events\/mort-sur-la-ville-cimetieres-fantomes-et-memoires-des-morts-parmi-les-vivants\/","title":{"rendered":"Mort sur la ville, cimeti\u00e8res, fant\u00f4mes et\u00a0m\u00e9moires\u00a0: des morts parmi les vivants [Le savant et le politique]"},"content":{"rendered":"\n<p class=\"wp-block-paragraph\">\u00c0 travers les cimeti\u00e8res, mais aussi les noms de rues, les comm\u00e9morations, les archives, nos mort se fraient une place un peu partout dans la Ville.<\/p>\n\n\n\n<p class=\"wp-block-paragraph\">Mais cette place n\u2019est pas pens\u00e9e comme une \u00ab\u00a0politique publique de la mort\u00a0\u00bb, une mani\u00e8re de fabriquer la ville, qui refl\u00e8te notre rapport \u00e0 la mort, dans ce qu\u2019il a de collectif et dans le respect de ce qu\u2019il a d\u2019irr\u00e9m\u00e9diablement singulier. Pour ouvrir des pistes, l\u2019Universit\u00e9 Populaire de Villeurbanne propose un \u00e9change entre Agn\u00e8s Thouvenot, premi\u00e8re adjointe \u00e0 l\u2019urbanisme de la Ville de Villeurbanne, et Louis Dall\u2019Aglio, enseignant \u00e0 l\u2019\u00c9cole Normale Sup\u00e9rieure et auteur d\u2019une th\u00e8se sur les politiques fun\u00e9raires.\u00a0<\/p>\n\n\n\n<p class=\"wp-block-paragraph\"><\/p>\n","protected":false},"author":27,"featured_media":23309,"menu_order":0,"comment_status":"closed","ping_status":"closed","template":"","meta":{"_members_access_role":[],"_members_access_error":""},"tags":[],"event_type":[1161],"event_type_2":[2772],"class_list":["post-23308","ajde_events","type-ajde_events","status-publish","has-post-thumbnail","hentry","event_location-maison-du-livre-de-limage-et-du-son","event_organizer-maison-du-livre-de-limage-et-du-son","event_type-decouvertes-et-societe","event_type_2-adultes"],"_links":{"self":[{"href":"https:\/\/mediatheques.villeurbanne.fr\/agenda\/wp-json\/wp\/v2\/ajde_events\/23308","targetHints":{"allow":["GET"]}}],"collection":[{"href":"https:\/\/mediatheques.villeurbanne.fr\/agenda\/wp-json\/wp\/v2\/ajde_events"}],"about":[{"href":"https:\/\/mediatheques.villeurbanne.fr\/agenda\/wp-json\/wp\/v2\/types\/ajde_events"}],"author":[{"embeddable":true,"href":"https:\/\/mediatheques.villeurbanne.fr\/agenda\/wp-json\/wp\/v2\/users\/27"}],"replies":[{"embeddable":true,"href":"https:\/\/mediatheques.villeurbanne.fr\/agenda\/wp-json\/wp\/v2\/comments?post=23308"}],"wp:featuredmedia":[{"embeddable":true,"href":"https:\/\/mediatheques.villeurbanne.fr\/agenda\/wp-json\/wp\/v2\/media\/23309"}],"wp:attachment":[{"href":"https:\/\/mediatheques.villeurbanne.fr\/agenda\/wp-json\/wp\/v2\/media?parent=23308"}],"wp:term":[{"taxonomy":"post_tag","embeddable":true,"href":"https:\/\/mediatheques.villeurbanne.fr\/agenda\/wp-json\/wp\/v2\/tags?post=23308"},{"taxonomy":"event_type","embeddable":true,"href":"https:\/\/mediatheques.villeurbanne.fr\/agenda\/wp-json\/wp\/v2\/event_type?post=23308"},{"taxonomy":"event_type_2","embeddable":true,"href":"https:\/\/mediatheques.villeurbanne.fr\/agenda\/wp-json\/wp\/v2\/event_type_2?post=23308"}],"curies":[{"name":"wp","href":"https:\/\/api.w.org\/{rel}","templated":true}]}}

Mort sur la ville, cimetières, fantômes et mémoires : des morts parmi les vivants [Le savant et le politique]

<p class="wp-block-paragraph">À travers les cimetières, mais aussi les noms de rues, les commémorations, les archives, nos mort se fraient une place un peu partout dans la Ville.</p>



<p class="wp-block-paragraph">Mais cette place n’est pas pensée comme une « politique publique de la mort », une manière de fabriquer la ville, qui reflète notre rapport à la mort, dans ce qu’il a de collectif et dans le respect de ce qu’il a d’irrémédiablement singulier. Pour ouvrir des pistes, l’Université Populaire de Villeurbanne propose un échange entre Agnès Thouvenot, première adjointe à l’urbanisme de la Ville de Villeurbanne, et Louis Dall’Aglio, enseignant à l’École Normale Supérieure et auteur d’une thèse sur les politiques funéraires. </p>



<p class="wp-block-paragraph"></p>
