{"id":22446,"date":"2026-04-28T13:32:41","date_gmt":"2026-04-28T11:32:41","guid":{"rendered":"https:\/\/mediatheques.villeurbanne.fr\/agenda\/?post_type=ajde_events&#038;p=22446"},"modified":"2026-04-29T10:35:27","modified_gmt":"2026-04-29T08:35:27","slug":"partage-de-coup-de-foudre-les-coups-de-coeur-en-romance-vivez-lete","status":"publish","type":"ajde_events","link":"https:\/\/mediatheques.villeurbanne.fr\/agenda\/events\/partage-de-coup-de-foudre-les-coups-de-coeur-en-romance-vivez-lete\/","title":{"rendered":"Partage de coups de foudre : les coups de c\u0153ur en romance [Vivez l&rsquo;\u00e9t\u00e9]"},"content":{"rendered":"\n<p>Avis aux lecteurs et lectrices de romance\u00a0: venez partager vos meilleures d\u00e9couvertes ! &#x2665;<\/p>\n\n\n\n<p>Quel que soit votre type de romance pr\u00e9f\u00e9r\u00e9e (<em>new romance<\/em>, <em>dark romance<\/em>, <em>romantasy<\/em>, etc\u2026), votre coup de c\u0153ur m\u00e9rite d\u2019\u00eatre mis en avant&nbsp;! Nous vous d\u00e9voilerons aussi une petite s\u00e9lection de nouveaut\u00e9s.<\/p>\n\n\n\n<p>Si votre roman pr\u00e9f\u00e9r\u00e9 n\u2019est pas dans notre catalogue, pas de panique ! Nous serons tout de m\u00eame ravies de vous en entendre parler. Votre enthousiasme sera le bienvenu\u00a0!<\/p>\n\n\n\n<p>Pour celles et ceux qui veulent juste d\u00e9couvrir le genre, rejoignez-nous en auditeur libre.<\/p>\n\n\n\n<p><\/p>\n\n\n\n<p>Vous pouvez vous inscrire et nous transmettre le titre du livre que vous souhaitez partager <strong><a href=\"https:\/\/mediatheques.villeurbanne.fr\/enlivrez-vous-special-polar\/\" target=\"_blank\" rel=\"noreferrer noopener\">en cliquant ici<\/a><\/strong>.<\/p>\n\n\n\n<p><\/p>\n","protected":false},"author":90,"featured_media":22447,"menu_order":0,"comment_status":"closed","ping_status":"closed","template":"","meta":[],"tags":[658,4342,639,853,4340,4341],"event_type":[612,4334],"event_type_2":[2771,2772],"class_list":["post-22446","ajde_events","type-ajde_events","status-publish","has-post-thumbnail","hentry","tag-coup-de-coeur-en-bibliotheque","tag-dark-romance","tag-maison-du-livre-de-limage-et-du-son","tag-mediatheques-de-villeurbanne","tag-romance","tag-romantasy","event_location-maison-du-livre-de-limage-et-du-son","event_organizer-maison-du-livre-de-limage-et-du-son","event_type-arts-et-litterature","event_type-vivez-lete","event_type_2-10-ans-et-plus","event_type_2-adultes"],"_links":{"self":[{"href":"https:\/\/mediatheques.villeurbanne.fr\/agenda\/wp-json\/wp\/v2\/ajde_events\/22446","targetHints":{"allow":["GET"]}}],"collection":[{"href":"https:\/\/mediatheques.villeurbanne.fr\/agenda\/wp-json\/wp\/v2\/ajde_events"}],"about":[{"href":"https:\/\/mediatheques.villeurbanne.fr\/agenda\/wp-json\/wp\/v2\/types\/ajde_events"}],"author":[{"embeddable":true,"href":"https:\/\/mediatheques.villeurbanne.fr\/agenda\/wp-json\/wp\/v2\/users\/90"}],"replies":[{"embeddable":true,"href":"https:\/\/mediatheques.villeurbanne.fr\/agenda\/wp-json\/wp\/v2\/comments?post=22446"}],"wp:featuredmedia":[{"embeddable":true,"href":"https:\/\/mediatheques.villeurbanne.fr\/agenda\/wp-json\/wp\/v2\/media\/22447"}],"wp:attachment":[{"href":"https:\/\/mediatheques.villeurbanne.fr\/agenda\/wp-json\/wp\/v2\/media?parent=22446"}],"wp:term":[{"taxonomy":"post_tag","embeddable":true,"href":"https:\/\/mediatheques.villeurbanne.fr\/agenda\/wp-json\/wp\/v2\/tags?post=22446"},{"taxonomy":"event_type","embeddable":true,"href":"https:\/\/mediatheques.villeurbanne.fr\/agenda\/wp-json\/wp\/v2\/event_type?post=22446"},{"taxonomy":"event_type_2","embeddable":true,"href":"https:\/\/mediatheques.villeurbanne.fr\/agenda\/wp-json\/wp\/v2\/event_type_2?post=22446"}],"curies":[{"name":"wp","href":"https:\/\/api.w.org\/{rel}","templated":true}]}}

Partage de coups de foudre : les coups de cœur en romance [Vivez l&rsquo;été]

<p>Avis aux lecteurs et lectrices de romance : venez partager vos meilleures découvertes ! &#x2665;</p>



<p>Quel que soit votre type de romance préférée (<em>new romance</em>, <em>dark romance</em>, <em>romantasy</em>, etc…), votre coup de cœur mérite d’être mis en avant&nbsp;! Nous vous dévoilerons aussi une petite sélection de nouveautés.</p>



<p>Si votre roman préféré n’est pas dans notre catalogue, pas de panique ! Nous serons tout de même ravies de vous en entendre parler. Votre enthousiasme sera le bienvenu !</p>



<p>Pour celles et ceux qui veulent juste découvrir le genre, rejoignez-nous en auditeur libre.</p>



<p></p>



<p>Vous pouvez vous inscrire et nous transmettre le titre du livre que vous souhaitez partager <strong><a href="https://mediatheques.villeurbanne.fr/enlivrez-vous-special-polar/" target="_blank" rel="noreferrer noopener">en cliquant ici</a></strong>.</p>



<p></p>
