{"id":22443,"date":"2026-04-28T11:25:56","date_gmt":"2026-04-28T09:25:56","guid":{"rendered":"https:\/\/mediatheques.villeurbanne.fr\/agenda\/?post_type=ajde_events&#038;p=22443"},"modified":"2026-04-30T16:59:16","modified_gmt":"2026-04-30T14:59:16","slug":"coudre-sa-protection-menstruelle-vivez-lete","status":"publish","type":"ajde_events","link":"https:\/\/mediatheques.villeurbanne.fr\/agenda\/events\/coudre-sa-protection-menstruelle-vivez-lete\/","title":{"rendered":"Coudre sa protection menstruelle [Vivez l&rsquo;\u00e9t\u00e9]"},"content":{"rendered":"\n<p><strong>Sur inscription en cliquant ici (ouverture un mois avant) <\/strong><\/p>\n\n\n\n<p>Vous \u00eates tent\u00e9s par les protections menstruelles lavables&nbsp;? Vous voulez savoir comment elles sont faites&nbsp;?<\/p>\n\n\n\n<p>Venez coudre la v\u00f4tre \u00e0 la m\u00e9diath\u00e8que avec l\u2019<a href=\"https:\/\/zerodechetlyon.org\/\" target=\"_blank\" rel=\"noreferrer noopener\">association Z\u00e9ro D\u00e9chet Lyon<\/a>. Un bon moyen d\u2019apprendre \u00e0 faire les v\u00f4tres et de d\u00e9couvrir l\u2019impact de ces produits du quotidien.<\/p>\n\n\n\n<p><\/p>\n","protected":false},"author":90,"featured_media":22458,"menu_order":0,"comment_status":"closed","ping_status":"closed","template":"","meta":[],"tags":[1636,1459,4338,639,853,4339,2229],"event_type":[1161,4334],"event_type_2":[2771,2772],"class_list":["post-22443","ajde_events","type-ajde_events","status-publish","has-post-thumbnail","hentry","tag-atelier-diy","tag-couture","tag-hygiene-menstruelle","tag-maison-du-livre-de-limage-et-du-son","tag-mediatheques-de-villeurbanne","tag-precarite-menstruelle","tag-zero-waste","event_location-maison-du-livre-de-limage-et-du-son","event_organizer-maison-du-livre-de-limage-et-du-son","event_type-decouvertes-et-societe","event_type-vivez-lete","event_type_2-10-ans-et-plus","event_type_2-adultes"],"_links":{"self":[{"href":"https:\/\/mediatheques.villeurbanne.fr\/agenda\/wp-json\/wp\/v2\/ajde_events\/22443","targetHints":{"allow":["GET"]}}],"collection":[{"href":"https:\/\/mediatheques.villeurbanne.fr\/agenda\/wp-json\/wp\/v2\/ajde_events"}],"about":[{"href":"https:\/\/mediatheques.villeurbanne.fr\/agenda\/wp-json\/wp\/v2\/types\/ajde_events"}],"author":[{"embeddable":true,"href":"https:\/\/mediatheques.villeurbanne.fr\/agenda\/wp-json\/wp\/v2\/users\/90"}],"replies":[{"embeddable":true,"href":"https:\/\/mediatheques.villeurbanne.fr\/agenda\/wp-json\/wp\/v2\/comments?post=22443"}],"wp:featuredmedia":[{"embeddable":true,"href":"https:\/\/mediatheques.villeurbanne.fr\/agenda\/wp-json\/wp\/v2\/media\/22458"}],"wp:attachment":[{"href":"https:\/\/mediatheques.villeurbanne.fr\/agenda\/wp-json\/wp\/v2\/media?parent=22443"}],"wp:term":[{"taxonomy":"post_tag","embeddable":true,"href":"https:\/\/mediatheques.villeurbanne.fr\/agenda\/wp-json\/wp\/v2\/tags?post=22443"},{"taxonomy":"event_type","embeddable":true,"href":"https:\/\/mediatheques.villeurbanne.fr\/agenda\/wp-json\/wp\/v2\/event_type?post=22443"},{"taxonomy":"event_type_2","embeddable":true,"href":"https:\/\/mediatheques.villeurbanne.fr\/agenda\/wp-json\/wp\/v2\/event_type_2?post=22443"}],"curies":[{"name":"wp","href":"https:\/\/api.w.org\/{rel}","templated":true}]}}

Coudre sa protection menstruelle [Vivez l&rsquo;été]

<p><strong>Sur inscription en cliquant ici (ouverture un mois avant) </strong></p>



<p>Vous êtes tentés par les protections menstruelles lavables&nbsp;? Vous voulez savoir comment elles sont faites&nbsp;?</p>



<p>Venez coudre la vôtre à la médiathèque avec l’<a href="https://zerodechetlyon.org/" target="_blank" rel="noreferrer noopener">association Zéro Déchet Lyon</a>. Un bon moyen d’apprendre à faire les vôtres et de découvrir l’impact de ces produits du quotidien.</p>



<p></p>
