{"id":22439,"date":"2026-04-27T13:23:53","date_gmt":"2026-04-27T11:23:53","guid":{"rendered":"https:\/\/mediatheques.villeurbanne.fr\/agenda\/?post_type=ajde_events&#038;p=22439"},"modified":"2026-04-28T09:17:15","modified_gmt":"2026-04-28T07:17:15","slug":"atelier-creation-noeud-coreen-maedup-vivez-lete","status":"publish","type":"ajde_events","link":"https:\/\/mediatheques.villeurbanne.fr\/agenda\/events\/atelier-creation-noeud-coreen-maedup-vivez-lete\/","title":{"rendered":"Maedup : atelier cr\u00e9ation n\u0153ud cor\u00e9en [Vivez l\u2019\u00e9t\u00e9]"},"content":{"rendered":"\n<p><strong>Sur inscription en cliquant ici (ouverture un mois avant)<\/strong><\/p>\n\n\n\n<p>Pendant deux heures, faites une immersion dans l\u2019artisanat traditionnel cor\u00e9en et cr\u00e9ez votre propre <em>maedup <\/em>que vous accrocherez \u00e0 un porte-cl\u00e9.<\/p>\n\n\n\n<p>Le <em>maedup <\/em>regroupe un ensemble de techniques de nouage de cordons en soie utilis\u00e9es comme ornements.<\/p>\n\n\n<div class=\"wp-block-image\">\n<figure class=\"alignright size-full is-resized\"><img loading=\"lazy\" decoding=\"async\" width=\"500\" height=\"500\" src=\"https:\/\/mediatheques.villeurbanne.fr\/agenda\/wp-content\/uploads\/2026\/04\/ACCL-Logo-002.png\" alt=\"\" class=\"wp-image-22440\" style=\"width:204px;height:auto\" srcset=\"https:\/\/mediatheques.villeurbanne.fr\/agenda\/wp-content\/uploads\/2026\/04\/ACCL-Logo-002.png 500w, https:\/\/mediatheques.villeurbanne.fr\/agenda\/wp-content\/uploads\/2026\/04\/ACCL-Logo-002-300x300.png 300w, https:\/\/mediatheques.villeurbanne.fr\/agenda\/wp-content\/uploads\/2026\/04\/ACCL-Logo-002-150x150.png 150w, https:\/\/mediatheques.villeurbanne.fr\/agenda\/wp-content\/uploads\/2026\/04\/ACCL-Logo-002-450x450.png 450w\" sizes=\"auto, (max-width: 500px) 100vw, 500px\" \/><\/figure>\n<\/div>\n\n\n<p>En collaboration avec l\u2019Association Culturelle Cor\u00e9enne de Lyon. <\/p>\n\n\n\n<p><\/p>\n","protected":false},"author":90,"featured_media":22441,"menu_order":0,"comment_status":"closed","ping_status":"closed","template":"","meta":[],"tags":[4337,771,1456,639,853],"event_type":[612,1161,4334],"event_type_2":[2771,2772],"class_list":["post-22439","ajde_events","type-ajde_events","status-publish","has-post-thumbnail","hentry","tag-art-coreen","tag-atelier-creatif","tag-diy","tag-maison-du-livre-de-limage-et-du-son","tag-mediatheques-de-villeurbanne","event_location-maison-du-livre-de-limage-et-du-son","event_organizer-maison-du-livre-de-limage-et-du-son","event_type-arts-et-litterature","event_type-decouvertes-et-societe","event_type-vivez-lete","event_type_2-10-ans-et-plus","event_type_2-adultes"],"_links":{"self":[{"href":"https:\/\/mediatheques.villeurbanne.fr\/agenda\/wp-json\/wp\/v2\/ajde_events\/22439","targetHints":{"allow":["GET"]}}],"collection":[{"href":"https:\/\/mediatheques.villeurbanne.fr\/agenda\/wp-json\/wp\/v2\/ajde_events"}],"about":[{"href":"https:\/\/mediatheques.villeurbanne.fr\/agenda\/wp-json\/wp\/v2\/types\/ajde_events"}],"author":[{"embeddable":true,"href":"https:\/\/mediatheques.villeurbanne.fr\/agenda\/wp-json\/wp\/v2\/users\/90"}],"replies":[{"embeddable":true,"href":"https:\/\/mediatheques.villeurbanne.fr\/agenda\/wp-json\/wp\/v2\/comments?post=22439"}],"wp:featuredmedia":[{"embeddable":true,"href":"https:\/\/mediatheques.villeurbanne.fr\/agenda\/wp-json\/wp\/v2\/media\/22441"}],"wp:attachment":[{"href":"https:\/\/mediatheques.villeurbanne.fr\/agenda\/wp-json\/wp\/v2\/media?parent=22439"}],"wp:term":[{"taxonomy":"post_tag","embeddable":true,"href":"https:\/\/mediatheques.villeurbanne.fr\/agenda\/wp-json\/wp\/v2\/tags?post=22439"},{"taxonomy":"event_type","embeddable":true,"href":"https:\/\/mediatheques.villeurbanne.fr\/agenda\/wp-json\/wp\/v2\/event_type?post=22439"},{"taxonomy":"event_type_2","embeddable":true,"href":"https:\/\/mediatheques.villeurbanne.fr\/agenda\/wp-json\/wp\/v2\/event_type_2?post=22439"}],"curies":[{"name":"wp","href":"https:\/\/api.w.org\/{rel}","templated":true}]}}

Maedup : atelier création nœud coréen [Vivez l’été]

<p><strong>Sur inscription en cliquant ici (ouverture un mois avant)</strong></p>



<p>Pendant deux heures, faites une immersion dans l’artisanat traditionnel coréen et créez votre propre <em>maedup </em>que vous accrocherez à un porte-clé.</p>



<p>Le <em>maedup </em>regroupe un ensemble de techniques de nouage de cordons en soie utilisées comme ornements.</p>


<div class="wp-block-image">
<figure class="alignright size-full is-resized"><img loading="lazy" decoding="async" width="500" height="500" src="https://mediatheques.villeurbanne.fr/agenda/wp-content/uploads/2026/04/ACCL-Logo-002.png" alt="" class="wp-image-22440" style="width:204px;height:auto" srcset="https://mediatheques.villeurbanne.fr/agenda/wp-content/uploads/2026/04/ACCL-Logo-002.png 500w, https://mediatheques.villeurbanne.fr/agenda/wp-content/uploads/2026/04/ACCL-Logo-002-300x300.png 300w, https://mediatheques.villeurbanne.fr/agenda/wp-content/uploads/2026/04/ACCL-Logo-002-150x150.png 150w, https://mediatheques.villeurbanne.fr/agenda/wp-content/uploads/2026/04/ACCL-Logo-002-450x450.png 450w" sizes="auto, (max-width: 500px) 100vw, 500px" /></figure>
</div>


<p>En collaboration avec l’Association Culturelle Coréenne de Lyon. </p>



<p></p>
