{"id":22433,"date":"2026-04-27T10:54:08","date_gmt":"2026-04-27T08:54:08","guid":{"rendered":"https:\/\/mediatheques.villeurbanne.fr\/agenda\/?post_type=ajde_events&#038;p=22433"},"modified":"2026-04-29T10:37:05","modified_gmt":"2026-04-29T08:37:05","slug":"mosaique-puzzle","status":"publish","type":"ajde_events","link":"https:\/\/mediatheques.villeurbanne.fr\/agenda\/events\/mosaique-puzzle\/","title":{"rendered":"Mosa\u00efque puzzle [Vivez l&rsquo;\u00e9t\u00e9]"},"content":{"rendered":"\n<p>Les puzzles ont un potentiel que vous n\u2019imaginez pas\u00a0!<\/p>\n\n\n\n<p>Pour le d\u00e9couvrir rejoignez-nous entre 9h30 et 11h30 les vendredis 10, 17 et 24 juillet et r\u00e9alisez une cr\u00e9ation 100% maison et collaborative toute droit sortie de notre imagination\u00a0!<\/p>\n\n\n\n<p><\/p>\n","protected":false},"author":90,"featured_media":22434,"menu_order":0,"comment_status":"closed","ping_status":"closed","template":"","meta":[],"tags":[1636,639,853,3470],"event_type":[612,4334],"event_type_2":[2771,2772],"class_list":["post-22433","ajde_events","type-ajde_events","status-publish","has-post-thumbnail","hentry","tag-atelier-diy","tag-maison-du-livre-de-limage-et-du-son","tag-mediatheques-de-villeurbanne","tag-puzzle","event_location-maison-du-livre-de-limage-et-du-son","event_organizer-maison-du-livre-de-limage-et-du-son","event_type-arts-et-litterature","event_type-vivez-lete","event_type_2-10-ans-et-plus","event_type_2-adultes"],"_links":{"self":[{"href":"https:\/\/mediatheques.villeurbanne.fr\/agenda\/wp-json\/wp\/v2\/ajde_events\/22433","targetHints":{"allow":["GET"]}}],"collection":[{"href":"https:\/\/mediatheques.villeurbanne.fr\/agenda\/wp-json\/wp\/v2\/ajde_events"}],"about":[{"href":"https:\/\/mediatheques.villeurbanne.fr\/agenda\/wp-json\/wp\/v2\/types\/ajde_events"}],"author":[{"embeddable":true,"href":"https:\/\/mediatheques.villeurbanne.fr\/agenda\/wp-json\/wp\/v2\/users\/90"}],"replies":[{"embeddable":true,"href":"https:\/\/mediatheques.villeurbanne.fr\/agenda\/wp-json\/wp\/v2\/comments?post=22433"}],"wp:featuredmedia":[{"embeddable":true,"href":"https:\/\/mediatheques.villeurbanne.fr\/agenda\/wp-json\/wp\/v2\/media\/22434"}],"wp:attachment":[{"href":"https:\/\/mediatheques.villeurbanne.fr\/agenda\/wp-json\/wp\/v2\/media?parent=22433"}],"wp:term":[{"taxonomy":"post_tag","embeddable":true,"href":"https:\/\/mediatheques.villeurbanne.fr\/agenda\/wp-json\/wp\/v2\/tags?post=22433"},{"taxonomy":"event_type","embeddable":true,"href":"https:\/\/mediatheques.villeurbanne.fr\/agenda\/wp-json\/wp\/v2\/event_type?post=22433"},{"taxonomy":"event_type_2","embeddable":true,"href":"https:\/\/mediatheques.villeurbanne.fr\/agenda\/wp-json\/wp\/v2\/event_type_2?post=22433"}],"curies":[{"name":"wp","href":"https:\/\/api.w.org\/{rel}","templated":true}]}}

Mosaïque puzzle [Vivez l&rsquo;été]

<p>Les puzzles ont un potentiel que vous n’imaginez pas !</p>



<p>Pour le découvrir rejoignez-nous entre 9h30 et 11h30 les vendredis 10, 17 et 24 juillet et réalisez une création 100% maison et collaborative toute droit sortie de notre imagination !</p>



<p></p>
