{"id":22258,"date":"2026-03-14T14:29:59","date_gmt":"2026-03-14T13:29:59","guid":{"rendered":"https:\/\/mediatheques.villeurbanne.fr\/agenda\/events\/la-voix-des-otakus\/"},"modified":"2026-03-14T14:30:27","modified_gmt":"2026-03-14T13:30:27","slug":"la-voix-des-otakus","status":"publish","type":"ajde_events","link":"https:\/\/mediatheques.villeurbanne.fr\/agenda\/events\/la-voix-des-otakus\/","title":{"rendered":"La voix des otakus"},"content":{"rendered":"\n<p>Sur inscription \u00e0 la m\u00e9diath\u00e8que adultes de la maison du livre.<\/p>\n\n\n\n<p>Vous souhaitez participer \u00e0 l\u2019achat des mangas pour la m\u00e9diath\u00e8que ? Ce rendez\u2011vous mensuel est fait pour vous !<\/p>\n\n\n\n<p>Une s\u00e9lection de mangas \u00e0 d\u00e9couvrir et \u00e0 lire pour d\u00e9battre et choisir ceux qui seront\u00a0achet\u00e9s.<br \/>Pour plus d&rsquo;infos et inscription n&rsquo;h\u00e9sitez pas \u00e0 vous rapprocher des biblioth\u00e9caires des 2<sup>e<\/sup> et 3<sup>e<\/sup> \u00e9tages de la maison du livre, de l&rsquo;image et du son !<\/p>\n\n\n\n<p><\/p>\n","protected":false},"author":2,"featured_media":14524,"menu_order":0,"comment_status":"closed","ping_status":"closed","template":"","meta":[],"tags":[722,2467,658,1062,2466,639,962,853,883,1820,2465],"event_type":[612,617],"event_type_2":[2771],"class_list":["post-22258","ajde_events","type-ajde_events","status-publish","has-post-thumbnail","hentry","tag-animation-jeunesse","tag-club-lecture","tag-coup-de-coeur-en-bibliotheque","tag-echanges","tag-lecture-ados","tag-maison-du-livre-de-limage-et-du-son","tag-manga","tag-mediatheques-de-villeurbanne","tag-partage","tag-romans-coups-de-coeur","tag-young-adult","event_location-maison-du-livre-de-limage-et-du-son","event_organizer-maison-du-livre-de-limage-et-du-son","event_type-arts-et-litterature","event_type-jeune-public","event_type_2-10-ans-et-plus"],"_links":{"self":[{"href":"https:\/\/mediatheques.villeurbanne.fr\/agenda\/wp-json\/wp\/v2\/ajde_events\/22258","targetHints":{"allow":["GET"]}}],"collection":[{"href":"https:\/\/mediatheques.villeurbanne.fr\/agenda\/wp-json\/wp\/v2\/ajde_events"}],"about":[{"href":"https:\/\/mediatheques.villeurbanne.fr\/agenda\/wp-json\/wp\/v2\/types\/ajde_events"}],"author":[{"embeddable":true,"href":"https:\/\/mediatheques.villeurbanne.fr\/agenda\/wp-json\/wp\/v2\/users\/2"}],"replies":[{"embeddable":true,"href":"https:\/\/mediatheques.villeurbanne.fr\/agenda\/wp-json\/wp\/v2\/comments?post=22258"}],"wp:featuredmedia":[{"embeddable":true,"href":"https:\/\/mediatheques.villeurbanne.fr\/agenda\/wp-json\/wp\/v2\/media\/14524"}],"wp:attachment":[{"href":"https:\/\/mediatheques.villeurbanne.fr\/agenda\/wp-json\/wp\/v2\/media?parent=22258"}],"wp:term":[{"taxonomy":"post_tag","embeddable":true,"href":"https:\/\/mediatheques.villeurbanne.fr\/agenda\/wp-json\/wp\/v2\/tags?post=22258"},{"taxonomy":"event_type","embeddable":true,"href":"https:\/\/mediatheques.villeurbanne.fr\/agenda\/wp-json\/wp\/v2\/event_type?post=22258"},{"taxonomy":"event_type_2","embeddable":true,"href":"https:\/\/mediatheques.villeurbanne.fr\/agenda\/wp-json\/wp\/v2\/event_type_2?post=22258"}],"curies":[{"name":"wp","href":"https:\/\/api.w.org\/{rel}","templated":true}]}}

<p>Sur inscription à la médiathèque adultes de la maison du livre.</p>



<p>Vous souhaitez participer à l’achat des mangas pour la médiathèque ? Ce rendez‑vous mensuel est fait pour vous !</p>



<p>Une sélection de mangas à découvrir et à lire pour débattre et choisir ceux qui seront achetés.<br />Pour plus d&rsquo;infos et inscription n&rsquo;hésitez pas à vous rapprocher des bibliothécaires des 2<sup>e</sup> et 3<sup>e</sup> étages de la maison du livre, de l&rsquo;image et du son !</p>



<p></p>
