{"id":22254,"date":"2026-03-13T15:56:08","date_gmt":"2026-03-13T14:56:08","guid":{"rendered":"https:\/\/mediatheques.villeurbanne.fr\/agenda\/?post_type=ajde_events&#038;p=22254"},"modified":"2026-03-23T12:07:50","modified_gmt":"2026-03-23T11:07:50","slug":"projection-en-audiodescription-a-perte-de-vue-un-documentaire-de-carla-et-pierre-petit-semaine-des-handicaps-de-villeurbanne","status":"publish","type":"ajde_events","link":"https:\/\/mediatheques.villeurbanne.fr\/agenda\/events\/projection-en-audiodescription-a-perte-de-vue-un-documentaire-de-carla-et-pierre-petit-semaine-des-handicaps-de-villeurbanne\/","title":{"rendered":"\u00c0 perte de vue : projection en audiodescription"},"content":{"rendered":"\n<p>Un documentaire de Carla et Pierre Petit, Meije Productions, 2024.<\/p>\n\n\n\n<p>\u00ab\u00a0Quand je suis au galop, je me sens cheval.\u00a0\u00bb Carla Petit<\/p>\n\n\n\n<p>\u00ab\u00a0Submerg\u00e9e par les bruits, les sons, les odeurs, les fr\u00f4lements des chalands du march\u00e9 de Bichkek (Kirghizstan), la jeune femme rassemble, une fois encore, en elle-m\u00eame, tout ce qui va l\u2019aider \u00e0 dessiner <em>\u201cune carte mentale du lieu\u201d<\/em>. Carla, 19 ans, est malvoyante. Un nerf optique mal form\u00e9 et une vision de l\u2019espace qu\u2019il faut sans cesse reconstruire. Et la voici qui galope maintenant \u00e0 brides abattues \u00e0 travers les vallonnements kirghizes parsem\u00e9s de yourtes et de troupeaux, aux c\u00f4t\u00e9s de son p\u00e8re aimant. Un duo du bout du monde dont on ne sait qui finalement sortira le plus \u00e9mu. Elle, concentr\u00e9e, rayonnante, questionnant aupr\u00e8s d\u2019un chaman son rapport au monde. Lui, cam\u00e9raman exp\u00e9riment\u00e9, mais troubl\u00e9 dans sa pratique de l\u2019image, au regard de sa fille et de son univers flamboyant.<br \/>\u00c0 force de tout avoir sous les yeux\u2026 voit-on encore vraiment ? La performance du film de Carla et Pierre Petit n\u2019est pas tant, voire si peu, d\u2019\u00e9voquer un handicap et la mani\u00e8re dont on le surmonte que de nous ouvrir spectaculairement \u00e0 une vision -juste mot ! &#8211; panoramique et sensible sur le vivant. <em>\u201cSi tu ne r\u00eaves pas, <\/em>confie Carla, <em>c\u2019est que tu ne te laisses pas toucher par ce que tu vis\u201d<\/em>.\u00a0\u00bb<br \/>(Festival Le Grand Bivouac)<\/p>\n\n\n\n<p>Mention sp\u00e9ciale du jury au Festival Les \u00c9crans de la nature, Dijon, 2024<\/p>\n\n\n\n<p>Grand prix de la cin\u00e9math\u00e8que au Rencontres cin\u00e9ma de montagne, Gap, 2024<\/p>\n\n\n\n<figure class=\"wp-block-image size-large\"><img loading=\"lazy\" decoding=\"async\" width=\"1024\" height=\"683\" src=\"https:\/\/mediatheques.villeurbanne.fr\/agenda\/wp-content\/uploads\/2026\/03\/top_-A-perte-de-vue-affiche-Def-Horizontale-2-1024x683.jpg\" alt=\"\" class=\"wp-image-22255\" srcset=\"https:\/\/mediatheques.villeurbanne.fr\/agenda\/wp-content\/uploads\/2026\/03\/top_-A-perte-de-vue-affiche-Def-Horizontale-2-1024x683.jpg 1024w, https:\/\/mediatheques.villeurbanne.fr\/agenda\/wp-content\/uploads\/2026\/03\/top_-A-perte-de-vue-affiche-Def-Horizontale-2-300x200.jpg 300w, https:\/\/mediatheques.villeurbanne.fr\/agenda\/wp-content\/uploads\/2026\/03\/top_-A-perte-de-vue-affiche-Def-Horizontale-2-768x512.jpg 768w, https:\/\/mediatheques.villeurbanne.fr\/agenda\/wp-content\/uploads\/2026\/03\/top_-A-perte-de-vue-affiche-Def-Horizontale-2-1536x1024.jpg 1536w, https:\/\/mediatheques.villeurbanne.fr\/agenda\/wp-content\/uploads\/2026\/03\/top_-A-perte-de-vue-affiche-Def-Horizontale-2-450x300.jpg 450w, https:\/\/mediatheques.villeurbanne.fr\/agenda\/wp-content\/uploads\/2026\/03\/top_-A-perte-de-vue-affiche-Def-Horizontale-2-600x400.jpg 600w, https:\/\/mediatheques.villeurbanne.fr\/agenda\/wp-content\/uploads\/2026\/03\/top_-A-perte-de-vue-affiche-Def-Horizontale-2.jpg 1600w\" sizes=\"auto, (max-width: 1024px) 100vw, 1024px\" \/><\/figure>\n\n\n\n<p><\/p>\n","protected":false},"author":100,"featured_media":22255,"menu_order":0,"comment_status":"closed","ping_status":"closed","template":"","meta":[],"tags":[4318,2024,4319,639,853,4317],"event_type":[614],"event_type_2":[2770,2771,2772],"class_list":["post-22254","ajde_events","type-ajde_events","status-publish","has-post-thumbnail","hentry","tag-a-perte-de-vue","tag-audiodescription","tag-carla-et-pierre-petit","tag-maison-du-livre-de-limage-et-du-son","tag-mediatheques-de-villeurbanne","tag-semaine-des-handicaps-de-villeurbanne","event_location-maison-du-livre-de-limage-et-du-son","event_organizer-maison-du-livre-de-limage-et-du-son","event_type-cinema","event_type_2-8-9-ans","event_type_2-10-ans-et-plus","event_type_2-adultes"],"_links":{"self":[{"href":"https:\/\/mediatheques.villeurbanne.fr\/agenda\/wp-json\/wp\/v2\/ajde_events\/22254","targetHints":{"allow":["GET"]}}],"collection":[{"href":"https:\/\/mediatheques.villeurbanne.fr\/agenda\/wp-json\/wp\/v2\/ajde_events"}],"about":[{"href":"https:\/\/mediatheques.villeurbanne.fr\/agenda\/wp-json\/wp\/v2\/types\/ajde_events"}],"author":[{"embeddable":true,"href":"https:\/\/mediatheques.villeurbanne.fr\/agenda\/wp-json\/wp\/v2\/users\/100"}],"replies":[{"embeddable":true,"href":"https:\/\/mediatheques.villeurbanne.fr\/agenda\/wp-json\/wp\/v2\/comments?post=22254"}],"wp:featuredmedia":[{"embeddable":true,"href":"https:\/\/mediatheques.villeurbanne.fr\/agenda\/wp-json\/wp\/v2\/media\/22255"}],"wp:attachment":[{"href":"https:\/\/mediatheques.villeurbanne.fr\/agenda\/wp-json\/wp\/v2\/media?parent=22254"}],"wp:term":[{"taxonomy":"post_tag","embeddable":true,"href":"https:\/\/mediatheques.villeurbanne.fr\/agenda\/wp-json\/wp\/v2\/tags?post=22254"},{"taxonomy":"event_type","embeddable":true,"href":"https:\/\/mediatheques.villeurbanne.fr\/agenda\/wp-json\/wp\/v2\/event_type?post=22254"},{"taxonomy":"event_type_2","embeddable":true,"href":"https:\/\/mediatheques.villeurbanne.fr\/agenda\/wp-json\/wp\/v2\/event_type_2?post=22254"}],"curies":[{"name":"wp","href":"https:\/\/api.w.org\/{rel}","templated":true}]}}

À perte de vue : projection en audiodescription

<p>Un documentaire de Carla et Pierre Petit, Meije Productions, 2024.</p>



<p>« Quand je suis au galop, je me sens cheval. » Carla Petit</p>



<p>« Submergée par les bruits, les sons, les odeurs, les frôlements des chalands du marché de Bichkek (Kirghizstan), la jeune femme rassemble, une fois encore, en elle-même, tout ce qui va l’aider à dessiner <em>“une carte mentale du lieu”</em>. Carla, 19 ans, est malvoyante. Un nerf optique mal formé et une vision de l’espace qu’il faut sans cesse reconstruire. Et la voici qui galope maintenant à brides abattues à travers les vallonnements kirghizes parsemés de yourtes et de troupeaux, aux côtés de son père aimant. Un duo du bout du monde dont on ne sait qui finalement sortira le plus ému. Elle, concentrée, rayonnante, questionnant auprès d’un chaman son rapport au monde. Lui, caméraman expérimenté, mais troublé dans sa pratique de l’image, au regard de sa fille et de son univers flamboyant.<br />À force de tout avoir sous les yeux… voit-on encore vraiment ? La performance du film de Carla et Pierre Petit n’est pas tant, voire si peu, d’évoquer un handicap et la manière dont on le surmonte que de nous ouvrir spectaculairement à une vision -juste mot ! &#8211; panoramique et sensible sur le vivant. <em>“Si tu ne rêves pas, </em>confie Carla, <em>c’est que tu ne te laisses pas toucher par ce que tu vis”</em>. »<br />(Festival Le Grand Bivouac)</p>



<p>Mention spéciale du jury au Festival Les Écrans de la nature, Dijon, 2024</p>



<p>Grand prix de la cinémathèque au Rencontres cinéma de montagne, Gap, 2024</p>



<figure class="wp-block-image size-large"><img loading="lazy" decoding="async" width="1024" height="683" src="https://mediatheques.villeurbanne.fr/agenda/wp-content/uploads/2026/03/top_-A-perte-de-vue-affiche-Def-Horizontale-2-1024x683.jpg" alt="" class="wp-image-22255" srcset="https://mediatheques.villeurbanne.fr/agenda/wp-content/uploads/2026/03/top_-A-perte-de-vue-affiche-Def-Horizontale-2-1024x683.jpg 1024w, https://mediatheques.villeurbanne.fr/agenda/wp-content/uploads/2026/03/top_-A-perte-de-vue-affiche-Def-Horizontale-2-300x200.jpg 300w, https://mediatheques.villeurbanne.fr/agenda/wp-content/uploads/2026/03/top_-A-perte-de-vue-affiche-Def-Horizontale-2-768x512.jpg 768w, https://mediatheques.villeurbanne.fr/agenda/wp-content/uploads/2026/03/top_-A-perte-de-vue-affiche-Def-Horizontale-2-1536x1024.jpg 1536w, https://mediatheques.villeurbanne.fr/agenda/wp-content/uploads/2026/03/top_-A-perte-de-vue-affiche-Def-Horizontale-2-450x300.jpg 450w, https://mediatheques.villeurbanne.fr/agenda/wp-content/uploads/2026/03/top_-A-perte-de-vue-affiche-Def-Horizontale-2-600x400.jpg 600w, https://mediatheques.villeurbanne.fr/agenda/wp-content/uploads/2026/03/top_-A-perte-de-vue-affiche-Def-Horizontale-2.jpg 1600w" sizes="auto, (max-width: 1024px) 100vw, 1024px" /></figure>



<p></p>
