{"id":22246,"date":"2026-03-13T10:53:00","date_gmt":"2026-03-13T09:53:00","guid":{"rendered":"https:\/\/mediatheques.villeurbanne.fr\/agenda\/?post_type=ajde_events&#038;p=22246"},"modified":"2026-03-31T09:03:48","modified_gmt":"2026-03-31T07:03:48","slug":"bestiaires-des-mondes-daldebaran-comment-la-science-fiction-sempare-de-la-realite-biologique","status":"publish","type":"ajde_events","link":"https:\/\/mediatheques.villeurbanne.fr\/agenda\/events\/bestiaires-des-mondes-daldebaran-comment-la-science-fiction-sempare-de-la-realite-biologique\/","title":{"rendered":"Bestiaires des mondes d\u2019Aldebaran, comment la science-fiction s\u2019empare de la r\u00e9alit\u00e9 biologique"},"content":{"rendered":"\n<p>Conf\u00e9rence au tour du monde d\u2019Aldebaran, univers de bande dessin\u00e9e cr\u00e9e par L\u00e9o. Dans cet univers, les animaux fantastiques sont nombreux.<\/p>\n\n\n\n<p>Rencontrez Olivia Le Mo\u00ebne, autrice du livre <strong><a href=\"https:\/\/cataloguebm.villeurbanne.fr\/Default\/doc\/SYRACUSE\/4574195\/le-bestiaire-des-mondes-d-aldebaran-le-moene-olivia\" target=\"_blank\" rel=\"noreferrer noopener\"><em>Le bestiaire des mondes d&rsquo;Ald\u00e9baran<\/em><\/a><\/strong>, qui r\u00e9unit, pour la premi\u00e8re fois, la plupart des cr\u00e9atures (une centaine) imagin\u00e9es par Leo. Des Iums en passant par le gr\u00e9goire, le nestor, l&rsquo;herbivore g\u00e9ant, l&rsquo;\u00e9crevisse des rivi\u00e8res, l&rsquo;oiseau abricot, les mantrisses&#8230; Une approche \u00e0 la fois scientifique et amus\u00e9e qui permet de d\u00e9couvrir ces incroyables cr\u00e9atures imagin\u00e9es par Leo sous un angle nouveau&#8230;<\/p>\n\n\n\n<p><\/p>\n","protected":false},"author":90,"featured_media":22249,"menu_order":0,"comment_status":"closed","ping_status":"closed","template":"","meta":[],"tags":[899,4312,639,853],"event_type":[612],"event_type_2":[2771,2772],"class_list":["post-22246","ajde_events","type-ajde_events","status-publish","has-post-thumbnail","hentry","tag-bande-dessinee","tag-bestiaire","tag-maison-du-livre-de-limage-et-du-son","tag-mediatheques-de-villeurbanne","event_location-maison-du-livre-de-limage-et-du-son","event_organizer-maison-du-livre-de-limage-et-du-son","event_type-arts-et-litterature","event_type_2-10-ans-et-plus","event_type_2-adultes"],"_links":{"self":[{"href":"https:\/\/mediatheques.villeurbanne.fr\/agenda\/wp-json\/wp\/v2\/ajde_events\/22246","targetHints":{"allow":["GET"]}}],"collection":[{"href":"https:\/\/mediatheques.villeurbanne.fr\/agenda\/wp-json\/wp\/v2\/ajde_events"}],"about":[{"href":"https:\/\/mediatheques.villeurbanne.fr\/agenda\/wp-json\/wp\/v2\/types\/ajde_events"}],"author":[{"embeddable":true,"href":"https:\/\/mediatheques.villeurbanne.fr\/agenda\/wp-json\/wp\/v2\/users\/90"}],"replies":[{"embeddable":true,"href":"https:\/\/mediatheques.villeurbanne.fr\/agenda\/wp-json\/wp\/v2\/comments?post=22246"}],"wp:featuredmedia":[{"embeddable":true,"href":"https:\/\/mediatheques.villeurbanne.fr\/agenda\/wp-json\/wp\/v2\/media\/22249"}],"wp:attachment":[{"href":"https:\/\/mediatheques.villeurbanne.fr\/agenda\/wp-json\/wp\/v2\/media?parent=22246"}],"wp:term":[{"taxonomy":"post_tag","embeddable":true,"href":"https:\/\/mediatheques.villeurbanne.fr\/agenda\/wp-json\/wp\/v2\/tags?post=22246"},{"taxonomy":"event_type","embeddable":true,"href":"https:\/\/mediatheques.villeurbanne.fr\/agenda\/wp-json\/wp\/v2\/event_type?post=22246"},{"taxonomy":"event_type_2","embeddable":true,"href":"https:\/\/mediatheques.villeurbanne.fr\/agenda\/wp-json\/wp\/v2\/event_type_2?post=22246"}],"curies":[{"name":"wp","href":"https:\/\/api.w.org\/{rel}","templated":true}]}}

Bestiaires des mondes d’Aldebaran, comment la science-fiction s’empare de la réalité biologique

<p>Conférence au tour du monde d’Aldebaran, univers de bande dessinée crée par Léo. Dans cet univers, les animaux fantastiques sont nombreux.</p>



<p>Rencontrez Olivia Le Moëne, autrice du livre <strong><a href="https://cataloguebm.villeurbanne.fr/Default/doc/SYRACUSE/4574195/le-bestiaire-des-mondes-d-aldebaran-le-moene-olivia" target="_blank" rel="noreferrer noopener"><em>Le bestiaire des mondes d&rsquo;Aldébaran</em></a></strong>, qui réunit, pour la première fois, la plupart des créatures (une centaine) imaginées par Leo. Des Iums en passant par le grégoire, le nestor, l&rsquo;herbivore géant, l&rsquo;écrevisse des rivières, l&rsquo;oiseau abricot, les mantrisses&#8230; Une approche à la fois scientifique et amusée qui permet de découvrir ces incroyables créatures imaginées par Leo sous un angle nouveau&#8230;</p>



<p></p>
