{"id":22240,"date":"2026-03-12T11:41:32","date_gmt":"2026-03-12T10:41:32","guid":{"rendered":"https:\/\/mediatheques.villeurbanne.fr\/agenda\/events\/lectures-au-potakin-vivez-lete-2\/"},"modified":"2026-04-29T10:37:38","modified_gmt":"2026-04-29T08:37:38","slug":"lectures-au-potakin-vivez-lete-2","status":"publish","type":"ajde_events","link":"https:\/\/mediatheques.villeurbanne.fr\/agenda\/events\/lectures-au-potakin-vivez-lete-2\/","title":{"rendered":"Lectures au Potakin [Vivez l&rsquo;\u00e9t\u00e9]"},"content":{"rendered":"\n\n\n<p>Les biblioth\u00e9caires vous donnent rendez-vous au <a href=\"https:\/\/www.potakin.fr\/\"><strong>Potakin<\/strong><\/a> (43 rue du Tonkin) pour des lectures sous les arbres.<\/p>\n<p>Pour toute la famille, sans inscription.<\/p>\n<p>Cette activit\u00e9 se d\u00e9roule en plein air, pr\u00e9voir les chapeaux et casquettes en cas de soleil !<\/p>\n<p>\u00a0<\/p>\n","protected":false},"author":32,"featured_media":16074,"menu_order":0,"comment_status":"closed","ping_status":"closed","template":"","meta":[],"tags":[961,900,2464,638,3468,3098,853,3466,2474],"event_type":[612,617,4334],"event_type_2":[2767,2768,2769,2770,2771,2772],"class_list":["post-22240","ajde_events","type-ajde_events","status-publish","has-post-thumbnail","hentry","tag-hors-les-murs","tag-jeune-public","tag-le-tonkin","tag-lecture","tag-lectures-en-famille","tag-mediatheque-du-tonkin","tag-mediatheques-de-villeurbanne","tag-potakin","tag-vivez-lete","event_location-mediatheque-du-tonkin","event_organizer-mediatheque-du-tonkin","event_type-arts-et-litterature","event_type-jeune-public","event_type-vivez-lete","event_type_2-0-3-ans","event_type_2-3-5-ans","event_type_2-6-7-ans","event_type_2-8-9-ans","event_type_2-10-ans-et-plus","event_type_2-adultes"],"_links":{"self":[{"href":"https:\/\/mediatheques.villeurbanne.fr\/agenda\/wp-json\/wp\/v2\/ajde_events\/22240","targetHints":{"allow":["GET"]}}],"collection":[{"href":"https:\/\/mediatheques.villeurbanne.fr\/agenda\/wp-json\/wp\/v2\/ajde_events"}],"about":[{"href":"https:\/\/mediatheques.villeurbanne.fr\/agenda\/wp-json\/wp\/v2\/types\/ajde_events"}],"author":[{"embeddable":true,"href":"https:\/\/mediatheques.villeurbanne.fr\/agenda\/wp-json\/wp\/v2\/users\/32"}],"replies":[{"embeddable":true,"href":"https:\/\/mediatheques.villeurbanne.fr\/agenda\/wp-json\/wp\/v2\/comments?post=22240"}],"wp:featuredmedia":[{"embeddable":true,"href":"https:\/\/mediatheques.villeurbanne.fr\/agenda\/wp-json\/wp\/v2\/media\/16074"}],"wp:attachment":[{"href":"https:\/\/mediatheques.villeurbanne.fr\/agenda\/wp-json\/wp\/v2\/media?parent=22240"}],"wp:term":[{"taxonomy":"post_tag","embeddable":true,"href":"https:\/\/mediatheques.villeurbanne.fr\/agenda\/wp-json\/wp\/v2\/tags?post=22240"},{"taxonomy":"event_type","embeddable":true,"href":"https:\/\/mediatheques.villeurbanne.fr\/agenda\/wp-json\/wp\/v2\/event_type?post=22240"},{"taxonomy":"event_type_2","embeddable":true,"href":"https:\/\/mediatheques.villeurbanne.fr\/agenda\/wp-json\/wp\/v2\/event_type_2?post=22240"}],"curies":[{"name":"wp","href":"https:\/\/api.w.org\/{rel}","templated":true}]}}

Lectures au Potakin [Vivez l&rsquo;été]

<p>Les bibliothécaires vous donnent rendez-vous au <a href="https://www.potakin.fr/"><strong>Potakin</strong></a> (43 rue du Tonkin) pour des lectures sous les arbres.</p>
<p>Pour toute la famille, sans inscription.</p>
<p>Cette activité se déroule en plein air, prévoir les chapeaux et casquettes en cas de soleil !</p>
<p> </p>
