{"id":22204,"date":"2026-03-10T13:12:36","date_gmt":"2026-03-10T12:12:36","guid":{"rendered":"https:\/\/mediatheques.villeurbanne.fr\/agenda\/events\/enlivrez-vous-special-lectures-dete\/"},"modified":"2026-03-12T11:34:21","modified_gmt":"2026-03-12T10:34:21","slug":"enlivrez-vous-special-lectures-dete","status":"publish","type":"ajde_events","link":"https:\/\/mediatheques.villeurbanne.fr\/agenda\/events\/enlivrez-vous-special-lectures-dete\/","title":{"rendered":"Enlivrez-vous sp\u00e9cial lectures d&rsquo;\u00e9t\u00e9"},"content":{"rendered":"\n<p><strong>Inscription pour la pr\u00e9sentation d&rsquo;un livre en cliquant ici <\/strong>(ouverture un mois avant)<\/p>\n\n\n\n<p>Vous cherchez de l&rsquo;inspiration pour vos lectures d&rsquo;\u00e9t\u00e9?<\/p>\n\n\n\n<p>Retrouvons-nous pour \u00e9changer nos coups de c\u0153ur et pourquoi pas repartir avec un roman, une bande-dessin\u00e9e, un essai, une revue&nbsp;ou m\u00eame un film \u00e0 mettre dans votre valise!<\/p>\n\n\n\n<p>Les participants souhaitant pr\u00e9senter un ou plusieurs livres pr\u00e9sents dans les collections des m\u00e9diath\u00e8ques de Villeurbanne doivent s\u2019inscrire.<\/p>\n\n\n\n<p>L\u2019inscription n\u2019est pas n\u00e9cessaire pour les auditeurs libres.<\/p>\n\n\n\n<p><\/p>\n\n\n\n<p><\/p>\n","protected":false},"author":90,"featured_media":22205,"menu_order":0,"comment_status":"closed","ping_status":"closed","template":"","meta":[],"tags":[1297,639,853],"event_type":[612],"event_type_2":[2771,2772],"class_list":["post-22204","ajde_events","type-ajde_events","status-publish","has-post-thumbnail","hentry","tag-coups-de-coeur","tag-maison-du-livre-de-limage-et-du-son","tag-mediatheques-de-villeurbanne","event_location-maison-du-livre-de-limage-et-du-son","event_organizer-maison-du-livre-de-limage-et-du-son","event_type-arts-et-litterature","event_type_2-10-ans-et-plus","event_type_2-adultes"],"_links":{"self":[{"href":"https:\/\/mediatheques.villeurbanne.fr\/agenda\/wp-json\/wp\/v2\/ajde_events\/22204","targetHints":{"allow":["GET"]}}],"collection":[{"href":"https:\/\/mediatheques.villeurbanne.fr\/agenda\/wp-json\/wp\/v2\/ajde_events"}],"about":[{"href":"https:\/\/mediatheques.villeurbanne.fr\/agenda\/wp-json\/wp\/v2\/types\/ajde_events"}],"author":[{"embeddable":true,"href":"https:\/\/mediatheques.villeurbanne.fr\/agenda\/wp-json\/wp\/v2\/users\/90"}],"replies":[{"embeddable":true,"href":"https:\/\/mediatheques.villeurbanne.fr\/agenda\/wp-json\/wp\/v2\/comments?post=22204"}],"wp:featuredmedia":[{"embeddable":true,"href":"https:\/\/mediatheques.villeurbanne.fr\/agenda\/wp-json\/wp\/v2\/media\/22205"}],"wp:attachment":[{"href":"https:\/\/mediatheques.villeurbanne.fr\/agenda\/wp-json\/wp\/v2\/media?parent=22204"}],"wp:term":[{"taxonomy":"post_tag","embeddable":true,"href":"https:\/\/mediatheques.villeurbanne.fr\/agenda\/wp-json\/wp\/v2\/tags?post=22204"},{"taxonomy":"event_type","embeddable":true,"href":"https:\/\/mediatheques.villeurbanne.fr\/agenda\/wp-json\/wp\/v2\/event_type?post=22204"},{"taxonomy":"event_type_2","embeddable":true,"href":"https:\/\/mediatheques.villeurbanne.fr\/agenda\/wp-json\/wp\/v2\/event_type_2?post=22204"}],"curies":[{"name":"wp","href":"https:\/\/api.w.org\/{rel}","templated":true}]}}

Enlivrez-vous spécial lectures d&rsquo;été

<p><strong>Inscription pour la présentation d&rsquo;un livre en cliquant ici </strong>(ouverture un mois avant)</p>



<p>Vous cherchez de l&rsquo;inspiration pour vos lectures d&rsquo;été?</p>



<p>Retrouvons-nous pour échanger nos coups de cœur et pourquoi pas repartir avec un roman, une bande-dessinée, un essai, une revue&nbsp;ou même un film à mettre dans votre valise!</p>



<p>Les participants souhaitant présenter un ou plusieurs livres présents dans les collections des médiathèques de Villeurbanne doivent s’inscrire.</p>



<p>L’inscription n’est pas nécessaire pour les auditeurs libres.</p>



<p></p>



<p></p>
